ands digit of 4818?
4
What is the thousands digit of 32291?
2
What is the tens digit of 4780?
8
What is the ten thousands digit of 59561?
5
What is the hundreds digit of 6644?
6
What is the tens digit of 4663?
6
What is the units digit of 1098?
8
What is the hundreds digit of 8517?
5
What is the thousands digit of 2721?
2
What is the thousands digit of 3979?
3
What is the units digit of 673?
3
What is the tens digit of 12754?
5
What is the hundreds digit of 915?
9
What is the tens digit of 879?
7
What is the tens digit of 965?
6
What is the tens digit of 5973?
7
What is the hundreds digit of 3080?
0
What is the units digit of 904?
4
What is the tens digit of 2828?
2
What is the hundreds digit of 34502?
5
What is the tens digit of 553?
5
What is the hundreds digit of 9300?
3
What is the hundreds digit of 19473?
4
What is the units digit of 115631?
1
What is the tens digit of 552?
5
What is the ten thousands digit of 84991?
8
What is the units digit of 1554?
4
What is the units digit of 44570?
0
What is the thousands digit of 1573?
1
What is the tens digit of 3801?
0
What is the thousands digit of 1154?
1
What is the tens digit of 500?
0
What is the units digit of 591?
1
What is the units digit of 5951?
1
What is the tens digit of 10964?
6
What is the tens digit of 3921?
2
What is the tens digit of 96017?
1
What is the tens digit of 23154?
5
What is the tens digit of 95?
9
What is the thousands digit of 13131?
3
What is the units digit of 4634?
4
What is the thousands digit of 1340?
1
What is the thousands digit of 1087?
1
What is the units digit of 439?
9
What is the hundred thousands digit of 144904?
1
What is the tens digit of 61840?
4
What is the units digit of 35452?
2
What is the thousands digit of 5060?
5
What is the thousands digit of 21915?
1
What is the hundreds digit of 3213?
2
What is the thousands digit of 2861?
2
What is the tens digit of 1561?
6
What is the hundreds digit of 11197?
1
What is the units digit of 35802?
2
What is the tens digit of 15314?
1
What is the hundreds digit of 41963?
9
What is the units digit of 11515?
5
What is the tens digit of 64669?
6
What is the units digit of 776?
6
What is the tens digit of 1414?
1
What is the thousands digit of 31783?
1
What is the units digit of 25?
5
What is the units digit of 5883?
3
What is the tens digit of 519?
1
What is the tens digit of 722?
2
What is the thousands digit of 11556?
1
What is the units digit of 2577?
7
What is the tens digit of 5940?
4
What is the units digit of 2819?
9
What is the units digit of 188?
8
What is the thousands digit of 8624?
8
What is the tens digit of 10065?
6
What is the units digit of 1126?
6
What is the units digit of 1224?
4
What is the units digit of 4322?
2
What is the tens digit of 77630?
3
What is the thousands digit of 45199?
5
What is the hundreds digit of 21628?
6
What is the tens digit of 730?
3
What is the thousands digit of 15729?
5
What is the hundreds digit of 2251?
2
What is the tens digit of 2144?
4
What is the units digit of 682?
2
What is the hundreds digit of 53894?
8
What is the thousands digit of 195984?
5
What is the thousands digit of 10644?
0
What is the thousands digit of 25448?
5
What is the hundreds digit of 70360?
3
What is the units digit of 2042?
2
What is the tens digit of 3650?
5
What is the ten thousands digit of 22515?
2
What is the units digit of 84410?
0
What is the tens digit of 30074?
7
What is the units digit of 3551?
1
What is the ten thousands digit of 24261?
2
What is the tens digit of 16059?
5
What is the tens digit of 22464?
6
What is the thousands digit of 24374?
4
What is the tens digit of 5048?
4
What is the ten thousands digit of 37304?
3
What is the units digit of 75392?
2
What is the thousands digit of 1811?
1
What is the thousands digit of 4550?
4
What is the thousands digit of 11406?
1
What is the hundreds digit of 6907?
9
What is the thousands digit of 10370?
0
What is the tens digit of 5445?
4
What is the thousands digit of 1082?
1
What is the units digit of 9354?
4
What is the hundreds digit of 60971?
9
What is the units digit of 4026?
6
What is the hundreds digit of 27134?
1
What is the units digit of 486?
6
What is the tens digit of 1286?
8
What is the units digit of 378?
8
What is the hundreds digit of 890?
8
What is the units digit of 38085?
5
What is the tens digit of 1021?
2
What is the tens digit of 28615?
1
What is the hundreds digit of 2012?
0
What is the tens digit of 22163?
6
What is the tens digit of 1564?
6
What is the ten thousands digit of 25306?
2
What is the units digit of 18288?
8
What is the thousands digit of 7994?
7
What is the thousands digit of 38132?
8
What is the hundreds digit of 5840?
8
What is the hundreds digit of 454?
4
What is the tens digit of 278?
7
What is the tens digit of 735?
3
What is the thousands digit of 28203?
8
What is the thousands digit of 3460?
3
What is the ten thousands digit of 44175?
4
What is the units digit of 77?
7
What is the units digit of 27430?
0
What is the hundreds digit of 151?
1
What is the ten thousands digit of 14690?
1
What is the thousands digit of 12009?
2
What is the units digit of 39757?
7
What is the units digit of 1285?
5
What is the thousands digit of 34557?
4
What is the thousands digit of 5269?
5
What is the tens digit of 518?
1
What is the units digit of 1220?
0
What is the units digit of 247?
7
What is the hundreds digit of 1782?
7
What is the thousands digit of 1424?
1
What is the tens digit of 90023?
2
What is the thousands digit of 1123?
1
What is the units digit of 367?
7
What is the units digit of 7509?
9
What is the units digit of 628?
8
What is the hundreds digit of 3720?
7
What is the units digit of 673?
3
What is the hundred thousands digit of 100377?
1
What is the thousands digit of 3663?
3
What is the tens digit of 319?
1
What is the hundred thousands digit of 116562?
1
What is the thousands digit of 39552?
9
What is the tens digit of 427?
2
What is the tens digit of 676?
7
What is the thousands digit of 75412?
5
What is the thousands digit of 25749?
5
What is the tens digit of 1144?
4
What is the tens digit of 1671?
7
What is the tens digit of 15632?
3
What is the tens digit of 17360?
6
What is the ten thousands digit of 22101?
2
What is the units digit of 1255?
5
What is the ten thousands digit of 17895?
1
What is the thousands digit of 1516?
1
What is the units digit of 7829?
9
What is the ten thousands digit of 25392?
2
What is the thousands digit of 49933?
9
What is the units digit of 378?
8
What is the tens digit of 736?
3
What is the units digit of 2155?
5
What is the hundreds digit of 1073?
0
What is the thousands digit of 4654?
4
What is the hundreds digit of 41247?
2
What is the hundreds digit of 41220?
2
What is the hundreds digit of 25345?
3
What is the hundreds digit of 1119?
1
What is the hundreds digit of 2526?
5
What is the thousands digit of 30937?
0
What is the thousands digit of 26305?
6
What is the ten thousands digit of 48849?
4
What is the tens digit of 60803?
0
What is the thousands digit of 43927?
3
What is the hundreds digit of 1540?
5
What is the hundreds digit of 8136?
1
What is the tens digit of 5659?
5
What is the ten thousands digit of 108602?
0
What is the thousands digit of 35950?
5
What is the units digit of 41918?
8
What is the units digit of 4122?
2
What is the thousands digit of 25490?
5
What is the tens digit of 2310?
1
What is the thousands digit of 117719?
7
What is the thousands digit of 15140?
5
What is the hundreds digit of 626?
6
What is the hundreds digit of 1785?
7
What is the tens digit of 13581?
8
What is the thousands digit of 46941?
6
What is the tens digit of 21066?
6
What is the thousands digit of 14144?
4
What is the units digit of 310?
0
What is the hundreds digit of 591?
5
What is the ten thousands digit of 106898?
0
What is the tens digit of 23965?
6
What is the units digit of 10?
0
What is the units digit of 1513?
3
What is the units digit of 504?
4
What is the units digit of 1276?
6
What is the ten thousands digit of 18325?
1
What is the hundreds digit of 1009?
0
What is the ten thousands digit of 11175?
1
What is the thousands digit of 86333?
6
What is the tens digit of 145?
4
What is the tens digit of 4881?
8
What is the tens digit of 215?
1
